705 - (0 + 8)?
-9
What is the value of 8 - 1 - -1 - (-20 + 18)?
10
Evaluate 17 + (1 + 6 - (14 + -3)).
13
Evaluate 7 + (-3 - 0) + (-5 - -4) + -8.
-5
Calculate 12 + (-21 - 14 - (-10 - 0)).
-13
Evaluate (-5 - 1) + -11 + 3 + 6.
-8
What is (3 - ((-4 - -6) + -7)) + -2?
6
What is the value of (0 + -1 - -4) + (-8 - (-17 - -1))?
11
What is 19 + -11 + -3 + 1?
6
Calculate -7 - 3 - -13 - 7.
-4
What is -1101 + 1055 + (-2 - -25)?
-23
-172 + 173 - (-12 - -3)
10
(2 - (-2 - 0 - -2)) + 0 + 1
3
Calculate 12 + -26 + 8 + 7.
1
Calculate -3 + -3 + (-24 - -24) + -12.
-18
-13 - 0 - (12 + 7 + -10)
-22
Calculate -8 + (-29 - (35 - 74)).
2
-3 + (2 - 2) + 5 - (-2 - -3)
1
Evaluate 0 - (-8 + (-7 + 32 - 5)).
-12
Calculate -11 + 1 + 20 + 12 + -7.
15
What is the value of -10 + (11 + 3 - 20)?
-16
-7 - (-3 - ((4 - 0) + -7 + 3))
-4
What is the value of 5 - 31 - (4 + -36)?
6
Evaluate (-8 - -23) + -16 - (-2 - 7).
8
(-84 - -75) + (1 - (-1 - -1 - -5))
-13
Calculate -26 + (16 - -4) + -17.
-23
(-2 - -7) + -32 + 24 - (-16 - 2)
15
Evaluate -7 + -3 + (-13 - (10 - 25)).
-8
Calculate (20 + (-10 - -8) - 13) + (30 - 3).
32
Calculate (3 + -2 - (16 - (9 - 14))) + -11.
-31
Evaluate -1 + -19 + -249 + 270.
1
What is the value of 5 - (7 - 2) - (-3 - -15)?
-12
What is the value of -2 + 0 + -34 + 39 + (2 - -4)?
9
What is the value of 1 + 18 + 6 + (6 - 16) + 4?
19
What is the value of -5 + 1 + (-8 - (10 - 8)) + 3?
-11
(2 - -5 - (-7 + 16)) + (4 - -1)
3
9 - ((1 - 2) + (22 - 21)) - -3
12
What is the value of -8 + (9 - -8) + (4 - -3)?
16
What is 7 + 0 - (356 + -353)?
4
Evaluate (-237 - -245) + (0 - -6).
14
Evaluate (33 - 1) + 16 + -16 + -2 + -5.
25
What is the value of 0 - (-15 - -1) - (-18 - (-23 - -8))?
17
-17 + 22 + -27 - -18
-4
What is the value of (6 - 7 - 2) + -4 + 12?
5
Evaluate -3 - (-12 + 10 + 7).
-8
Evaluate -18 + 1 + -1 + 3 + (32 - 37).
-20
27 + (-50 - (27 - 50))
0
What is 0 - (3 + -1 - 1) - (132 - 131)?
-2
What is the value of -15 + (20 - (1 + 16))?
-12
What is the value of (-5 - -11 - 9) + -7 - 7?
-17
1 + 1 + -2 + (-6 - (7 - 14))
1
Calculate 1 + -4 - (-39 - (25 + -43)).
18
Calculate -7 + 2 - (-7 + (6 + 1 - 4)).
-1
2 + (-732 - -728 - (1 + (-2 - -1)))
-2
Evaluate 8 + 6 + -17 + 9 + -3 + 12.
15
Evaluate -15 + (24 + -3 - 13) - 12.
-19
What is the value of (1 - (-3 + 0 - -30)) + 368 + -374?
-32
Evaluate (-2 - 0) + 2 + 5 + -905 + 905.
5
Calculate 13 + -8 + (0 - 2) + (-3 - -1).
1
Evaluate 341 + -302 + (-1 - 16).
22
What is the value of 3 - ((-1 - -1) + 0 + 69 + -63)?
-3
Evaluate (3 - (15 - 1)) + 12.
1
What is 0 - ((19 - -2) + -36 + (1 - 0))?
14
Evaluate 6 + -16 + (22 - 1).
11
Evaluate (5 + 1 - 27 - 2) + (20 - 11).
-14
0 + (20 - 0) - (-709 - -713)
16
Calculate (-4 - (13 + 4 - -2)) + (27 - 25).
-21
What is the value of 11 + -14 + 43 + -12 - (-3 + 8)?
23
What is (13 - 3) + -18 - -3?
-5
Calculate -1 + -46 - (-5 + 3 + 6 + -10).
-41
Calculate (-10 - -7 - 3) + 2 - 3.
-7
What is -6 + (-8 - -2) + (0 - (2 + -4))?
-10
Evaluate (22 + -62 - -45) + -16.
-11
What is -3 - ((-16 - -10) + 7) - 6?
-10
What is the value of -4 - (1 - (-3 + -4)) - (2 - 3)?
-11
What is (26 - -2) + (-102 - -93)?
19
What is (-13 - -4) + 9 + -11 + -6 + 6?
-11
Calculate 13 - (2 + 2 + (-7 - -1 - -1)).
14
-17 + 3 - (-3 - -1 - 40)
28
What is 1 + (-8 - (-27 + (2 - -4)))?
14
Evaluate -3 + -2 + (-9 - -27).
13
Calculate (1 - (0 - (-5 - -1))) + (2 - -6).
5
-12 + (0 - -3) + (3 - (5 + -7))
-4
What is the value of -7 - (-7 + (7 - -8) - 0)?
-15
What is 9 + -14 - (-4 - (5 + -11 + 2))?
-5
Evaluate (8 - 19 - -15) + -19 + 1 - 1.
-15
What is (-14 - (-68 + 31)) + 6?
29
Calculate (4 - 5 - (3 + 16)) + -18 + 19.
-19
Calculate 4 + (5 - 14) - ((-3 - -4) + -1).
-5
Calculate (-43 - -7) + -18 + 79.
25
(-9 - -3) + (-4 + -1 - -2)
-9
-1 - (3 + (2 - -5))
-11
Calculate -16 - -38 - (12 - 11 - -2).
19
What is (12 - (-20 - -10)) + -40?
-18
What is 0 + (-27 - -24 - 5)?
-8
What is the value of (4 + -14 - 1 - -10) + -7?
-8
What is the value of -23 + 26 - (3 - (13 - 4) - -9)?
0
Calculate -9 - (-5 + -1 - -8 - 13).
2
What is the value of -1 + -6 + (2 - 5) + (24 - -5)?
19
What is the value of 8 + (1 - 3) + (-21 + 18 - 2)?
1
Evaluate -65 + 45 + 24 - (0 - 1).
5
22 + -21 + 2 + -2 + -1
0
6 - (5 + 1 + -8 + -4)
12
1 - 18 - (-71 - (-27 - 30))
-3
Evaluate (-2 - (6 - 0)) + (5 - (2 + 5)).
-10
What is the value of 42 + -32 + (4 + -1 - (16 - 7))?
4
Evaluate -19 - (-4 + 2 + 1 + -9).
-9
What is -4 + (-7 - -8 - 4)?
-7
Evaluate -13 + (14 - 22) + 5.
-16
What is the value of 0 + -2 + -12 - (-9 + -1 - -9)?
-13
Evaluate 4 + -2 - ((9 - 3) + (5 - 0)).
-9
What is the value of (10 - 5) + -21 - -17?
1
What is the value of (5 - (7 - (14 - 4) - -31)) + 5?
-18
What is (13 - (12 - 10)) + -15?
-4
Evaluate -2 - 3 - -4 - (-5 + -1 + -5).
10
-43 + 31 + (-2 - -13)
-1
4 + (-5 + 16 - 4) + 3
14
Calculate -9 - (3 - 4) - (13 - -7).
-28
7 + -2 + (-9 - (5 - 4))
-5
Calculate (-9 - (-31 + 4)) + -9 + 10.
19
Calculate (-13 - 0) + (-38 - -40) + -7.
-18
Calculate 0 + -24 - (-303 + 292).
-13
-10 + 5 + 13 - 3
5
(40 - -29) + -45 + -39
-15
What is the value of 12 + (2 - 7) + (2 + -4 - -9)?
14
What is 1 + -16 + (-7 + 56 - 39)?
-5
What is the value of 11 + (-24 - (-18 + 9)) + 10 - 1?
5
What is the value of 20 + -6 + (-30 - -5)?
-11
Calculate 4 + (10 + -13 - (0 - -6)).
-5
Calculate (-4 - (0 - 0)) + -36 + 10 + 22.
-8
25 + (-9 - (25 - 3))
-6
Calculate -35 + 45 + -2 + -2.
6
10 + (-3 - (7 + -1)) - (10 + -1)
-8
Calculate (-149 - -141) + 8 + 1.
1
Evaluate -9 + 3 + (5 + -6 - -9 - 3).
-1
Calculate 18 + 10 + 11 + -18.
21
27 + -11 + -2 + -18 + (19 - -2)
17
Evaluate (20 - 37) + 25 - (-5 - (-1 - -4)).
16
37 + -20 + 17 - 1
33
What is the value of (238 - 243) + 2 + -1?
-4
(1 - -11) + (-14 - -2 - 13)
-13
What is 7 + 28 + (-6 - (23 + -13))?
19
What is the value of 32 - (-10 - (-20 + -3))?
19
Evaluate -4 + 1 + (0 - 11 - (-19 - -2)).
3
386 + -407 + 6 + (-1 - (-1 - -2))
-17
-19 + -13 - (-3 - 13)
-16
What is the value of 22 + (-15 - -9) + -1?
15
What is the value of -6 - 4 - (2 + 2 + -7) - -6?
-1
Evaluate 6 - -11 - (100 + -75).
-8
5 - ((6 - 13) + 5) - -9
16
Evaluate 5 + (26 - (21 + 17)).
-7
What is the value of 16 + (-6 - ((1 - 5) + (-45 - -50)))?
9
What is -187 + 196 - (0 + 2)?
7
What is the value of -37 + 42 + (-3 - 1) + 0 + -2?
-1
Evaluate (18 - 43 - -36) + -12.
-1
What is the value of 10 + -36 - (-7 + (3 - -6) - 9)?
-19
5 + -12 - -24 - 28
-11
Calculate (-14 + 2 - -7 - -21) + 1.
17
Evaluate 3 + 0 + (-14 - -2) + -2 - 0.
-11
Evaluate (-5 - (25 - 0)) + 4 + 33 + -38.
-31
Calculate -5 + -14 + 10 - -12 - (-1 - 1).
5
Calculate -10 - (-10 - -2) - (11 + -22 + 9).
0
51 + -3 - (31 - 4)
21
Evaluate (17 - 4) + 11 + -7 + -7.
10
Calculate -7 + 23 + -8 - 3.
5
Evaluate 21 - ((38 - -1) + -30).
12
Calculate -33 - (-2 + (-17 - -1 - -10)).
-25
What is -18 - (-20 + (-11 - -26)) - (-8 - -1)?
-6
Calculate 8 + -16 + (28 - 21).
-1
Calculate 30 - (-2 + 5 + -5 + 13).
19
Evaluate -55 - -60 - (13 + -5 + 4).
-7
Evaluate 17 + (8 - 35) + 19.
9
-14 - (2 - (26 + -18))
-8
What is 4 - (27 + -32 + 31)?
-22
6 + 2 + (6 - (-3 + 12))
5
Calculate 0 + -11 + 1 + 6 + -1.
-5
Calculate -6 + -29 + (-41 - -82) + -7 + 0.
-1
What is the value of (8 + 2 - 3) + (-233 - -212)?
-14
What is -13 - (-3 - 12 - 11)?
13
What is -3 - (-1 - 12 - (-16 + (-3 - -14)))?
5
Evaluate (1 - 2 - -2) + -2 + (68 - 62).
5
What is the value of 4 + 19 - 5 - 23?
-5
What is -4 + -3 + (-7 - (7 - 10))?
-11
Evaluate (-12 + 8 - -5) + -16 + 2 + -1.
-14
Calculate (-958 - -936) + -2 + 11.
-13
What is 9 + (-17 - 3) - (-5 - -13)?
-19
Calculate 2 + 0 - (8 + -14) - -1.
9
What is -11 - (-15 + 5) - (4 + -1)?
-4
What is the value of 11 - (9 + (8 - 19) + -5) - 9?
9
Evaluate 78 - 71 - (1 - -6) - -24 - 7.
17
3 - -17 - (-369 + 398)
-9
What is the value of -18 - -3 - (-16 - -2)?
-1
What is 8 + -3 + -5 + (-2 - (-27 + 13))?
12
Evaluate 3 + 0 - (-18 + 4 + 8).
9
What is the value of 5 + -16 - (5 + -13 + 2)?
-5
Evaluate (51 + -15 - 88) + 33.
-19
What is the value of (1 - 6) + (26 + -4 - 25)?
-8
What is the value of 8 - 2 - (-43 + 61)?
-12
Calculate -36 - -14 - -5 - -22.
5
Evaluate 6 + -17 + 6 + (8 - -1) + 1.
5
-8 + (8 - -3 - 7) + -6
-10
-4 - -4 - 3 - 3 - (3 + 2)
-11
What is the value of -70 + 11 + 106 + -72?
-25
What is the value of 5 + (8 - 11) - (-8 - -3 - -3)?
4
(-10 - (-7 - 4) - (0 + 18)) + 5
-12
What is the value of 146 + -101 + (3 - 24)?
24
-1 - (